a - 2*u + 20. List the prime factors of a.
11
Suppose 0 = 4*t + 45 - 153. Let k = 32 + t. List the prime factors of k.
59
List the prime factors of 24 - ((-2)/(-2) + -1).
2, 3
Let f(h) = -h**3 + h + h + 0*h**3 - 3 + 0*h**3 + 9*h**2. List the prime factors of f(9).
3, 5
List the prime factors of 55*(-3)/6*-2.
5, 11
Suppose 0*s + s = 57. Let l = -23 + s. Suppose 0 = -5*c - 9 + l. List the prime factors of c.
5
Let d be 8/(6/(-2) - -5). What are the prime factors of d/18 - (-1845)/81?
23
Suppose -3*z = 2 - 50. Let y = -3 + z. List the prime factors of y.
13
Suppose 0 = 11*i - 12*i + 61. List the prime factors of i.
61
Let y = -134 - -258. What are the prime factors of y?
2, 31
What are the prime factors of ((-5)/15)/((-2)/642)?
107
Let v(k) = k + 7. Let t(l) = -l**2 - l + 1. Let f be t(-3). Let c be v(f). Suppose -3*m - 44 = -5*h, h - 5*m = -m + c. List the prime factors of h.
2, 5
What are the prime factors of 1/(4/120) + 1?
31
What are the prime factors of 1*22*(9 + -4)?
2, 5, 11
Let b(r) = -r**2 - 9*r - 3. Let j be b(-5). Suppose -2*t - 9 = -j. What are the prime factors of t?
2
Let q(w) = -w**3 + 16*w**2 + 20*w - 19. List the prime factors of q(17).
2
Let v(o) be the third derivative of -o**4/24 + 3*o**3/2 - 3*o**2. Suppose -4 = 2*n - 2*g + 2, 6 = 3*n + 2*g. List the prime factors of v(n).
3
Suppose -4*f = 3*g - 105, -2*f + 3*g + 111 = 2*f. Let o(y) = -y. Let b be o(-4). Suppose 7*t = b*t + f. List the prime factors of t.
3
Let z = 10 + 26. What are the prime factors of z?
2, 3
Suppose 2*c - c = -25. Let l be 4/(-22) + 438/(-11). Let d = c - l. List the prime factors of d.
3, 5
Let d = 1 + 1. Suppose m + 4*m = -d*n + 20, 2*m - 24 = -4*n. Suppose 56 = -n*g + 9*g. List the prime factors of g.
2, 7
Suppose -q + 6 = q - 5*n, 2*q - 2*n = 12. Suppose q = b - 0*b. What are the prime factors of b?
2
Suppose -130 = -2*o - 3*o. Suppose -4*a - o - 2 = 0. Let y = a + 13. List the prime factors of y.
2, 3
Let t(p) = 15*p - 13. Let v(k) = 22*k - 20. Let i(s) = -7*t(s) + 5*v(s). Let d be i(6). Suppose 4*q - d = q. List the prime factors of q.
7
Let o be (-49)/(-3) - (-2)/(-6). Suppose -r - 7 = 1. Let v = r + o. What are the prime factors of v?
2
Suppose 0 = -0*c + 3*c - 15. Let t = -3 + c. Suppose t*u + 18 = 3*u. What are the prime factors of u?
2, 3
Suppose -z = -4*t + 3*t - 39, -2*z + 72 = 4*t. Suppose z = 3*m - 22. What are the prime factors of m?
2, 5
Let y = -9 + 15. Suppose 0 = -2*t - 3*i + y, 2*t - 3*i - 6 = -0*t. Suppose -t*j - 4*d + 23 = 0, -14 = -3*j + 5*d + 18. What are the prime factors of j?
3
Suppose 15*m = 11*m + 80. What are the prime factors of m?
2, 5
Suppose -5 = -2*c + 65. What are the prime factors of c?
5, 7
Let x be (0 - -1) + 47 + -1. Suppose 70*t + 90 = 67*t. Let v = t + x. What are the prime factors of v?
17
Suppose 5*w - 3*j - 42 = 3, 0 = -3*j - 15. Let o be (-2)/(-4) + w/4. What are the prime factors of o/(-8) + (-18)/(-8)?
2
Let x be -4 - (1 - (1 + -2)). Let m be (50/x)/(2/(-12)). Suppose 8 = o - 4*d + 3*d, -4*o = 5*d - m. What are the prime factors of o?
2, 5
Suppose -2*u + 3 = -3. Suppose 2*q = 5*p + u*q - 59, -19 = -2*p - 5*q. List the prime factors of p.
2, 3
What are the prime factors of (-124)/((-8 - -11)/(3/(-2)))?
2, 31
Let w = 80 + -73. Let k(b) = -13*b**2 + 27*b. Let p(n) = 7*n**2 - 14*n. Let x(z) = 6*k(z) + 11*p(z). List the prime factors of x(w).
7
Let p(m) = -m**2 - 2*m - 3. Let q be p(-4). Let x = q + -5. Let o = 27 + x. What are the prime factors of o?
11
Let g = -28 + 90. List the prime factors of g.
2, 31
Let v = 4 - -1. What are the prime factors of (416/(-40))/((-2)/v)?
2, 13
Suppose -5*p + 0*p - 5*n + 500 = 0, p + 2*n = 101. What are the prime factors of p?
3, 11
Suppose -3*m + 13 = -5. Suppose -5*l + 9 = 5*y - 6, -2*l = -4*y - m. Suppose -4*s - l*x + 42 = -0*s, -2*s = 4*x - 16. What are the prime factors of s?
2, 3
Let k(f) = -f**2 + 3*f - 1. Let l be k(2). Let n be (-8)/(-6)*3*l. Suppose -5*i = 5*d - 2*i - 36, -n*d = -2*i - 20. What are the prime factors of d?
2, 3
Suppose -2*h - 20 = -5*z - 7*h, -4*h + 2 = -3*z. Suppose 1 - 5 = z*s. What are the prime factors of (-1)/(2/(-28)) + s?
2, 3
List the prime factors of 2/6 + (-2)/(42/(-3521)).
2, 3, 7
Suppose 2*z - 94 = 5*s, -5*s + 151 + 7 = 4*z. What are the prime factors of z?
2, 3, 7
Let t be 17/4 - (-4)/(-16). Let l be ((-6)/t)/((-3)/4). Suppose -l*b = b - 6. What are the prime factors of b?
2
Let o = 5 - 5. Let r be 2*(-1)/4*o. List the prime factors of (-1 + r)*(-3 - 4).
7
Suppose -44 + 164 = 4*c. List the prime factors of c.
2, 3, 5
Suppose -3*b + b = 0. Suppose 0*t - 3*t + 45 = b. List the prime factors of t.
3, 5
Let w be ((-15)/(-3 + 6))/(-1). Suppose -8 - 12 = -5*m. Suppose -3*d = 6, w*v - m*d - 46 = -d. List the prime factors of v.
2
Let i(v) = -v**3 + 4*v**2 + 6*v - 3. Let t be i(5). Let f be (4/3)/(6/27). Suppose -f + t = -s. What are the prime factors of s?
2
Let g(y) = y**3 + 10*y**2 - 6*y - 25. List the prime factors of g(-5).
2, 5, 13
Let j = 4 - 2. Suppose 0 = j*r - 92 + 38. What are the prime factors of r?
3
Let m(l) = 8*l**3 + 5*l**2 + 6*l + 1. Let c(j) = 9*j**3 + 6*j**2 + 7*j + 1. Let p(s) = -6*c(s) + 7*m(s). What are the prime factors of p(3)?
2, 23
Let j(c) = -c**3 + 7*c**2 + 10*c - 9. Let i be -3 - 10/(-2) - -2. Let w be (-74)/(-9) + i/(-18). What are the prime factors of j(w)?
7
Let u = 10 + -8. Let p be ((-28)/49)/(u/(-7)). Suppose -p*v - 65 = -7*v. What are the prime factors of v?
13
Suppose -2 = -3*f + 7. Let r(j) = -j + 2. Let b be r(f). List the prime factors of 1 + b + 0 - -7.
7
Let l(o) = o**3 + 6*o**2 + 5*o - 2. Let u(i) = i**2 - 6*i - 5. Let g be u(6). Let k be l(g). List the prime factors of (-4 - k)*5/(-2).
5
Let o be -4 - (1 + 39*-1). Let m(c) = -c + 1. Let q be m(-4). Suppose q*f + o - 109 = 0. What are the prime factors of f?
3, 5
Suppose 4*f - n = 2*n, 4*f + 4 = 4*n. Suppose v = o - 18, f*v - 5*v = 2*o - 56. What are the prime factors of o?
23
What are the prime factors of (17/(-2))/((-4)/8)?
17
Let x(h) = -13*h - 17. List the prime factors of x(-6).
61
Let c be 2/3 + 4/3. Suppose -3 = -c*z + 3. What are the prime factors of z?
3
Let p = 12 + -9. Suppose -66 = -p*x + 6. List the prime factors of x.
2, 3
Suppose 3*q + 2*f - 21 = -f, 4*q + 3*f - 26 = 0. Suppose 5*j - q*b = 5, -b + 20 = 3*b. List the prime factors of (4/6)/(j/27).
3
Suppose 2*d + 0*d - 4*a + 2 = 0, 0 = 4*d - 5*a - 2. Suppose 4*m + 7 = d*m. List the prime factors of m*((-3)/(-3) - 2).
7
Let y(a) be the third derivative of -7*a**6/60 - a**5/30 + a**3/6 - 2*a**2. Let s be y(1). Let r = s - -25. What are the prime factors of r?
2, 5
Let d be ((-32)/2)/(12/(-18)). Let b = 37 - d. What are the prime factors of b?
13
Let z(d) = 1 - 5 - 7*d + 4*d**2 + 0*d**2 - 5*d**2. What are the prime factors of z(-6)?
2
Suppose 23*l - 24*l + 167 = 0. What are the prime factors of l?
167
Suppose 0*u + u + 23 = -c, 3*u + 89 = -4*c. What are the prime factors of (-145)/c - (-6)/8?
2
Suppose 2*n + 2*v - 9 = -1, 0 = 5*n + 2*v - 11. Let p(t) = 6*t**2. List the prime factors of p(n).
2, 3
Let l = 4 + -2. Suppose 0 = -3*x + l*h + 11 - 1, -x + 3*h + 8 = 0. Suppose -3 = -x*q + q. List the prime factors of q.
3
Let j = -3 - -7. Suppose -d + 1 + j = 0. What are the prime factors of d?
5
Let t(y) = 4*y + 4. Let o(q) = q. Let k(b) = -5*o(b) + t(b). List the prime factors of k(2).
2
Let c be 4 + 0/(2 + -6). Suppose 19 = 3*i - 0*p - p, c*p - 9 = -5*i. What are the prime factors of i?
5
Suppose 5*m - 8 = -3*i + i, 3*m = i + 7. List the prime factors of 5*(1 - m - -2).
5
Let r(x) = 5*x - 14. Let w(q) = q. Let y(j) = -r(j) + 4*w(j). List the prime factors of y(7).
7
Suppose -5*i = 0, 176 = -b + 3*b + 3*i. Let p = b + -62. List the prime factors of p.
2, 13
Suppose 0 = 14*n - 18*n - 76. What are the prime factors of -1 + (-2)/(2/n)?
2, 3
Let z(r) = r**2 - 4*r + 3. Suppose q = -2*q + 12. Let p be z(q). Suppose -2*k = x + 5, 2*x + 3*x = -p*k + 10. List the prime factors of x.
5
Let c(r) = -3*r**3 + r**2 + 2*r + 1. Let u be (6/(-1))/(0 + -2). Suppose -u*z + 2*p = -2*z + 5, 3 = -z + p. List the prime factors of c(z).
3
What are the prime factors of 1 - 6/((-18)/105)?
2, 3
Let b(h) = -h**3 - h**2 + 2. What are the prime factors of b(-3)?
2, 5
Suppose 0 = 3*h - 310 - 209. List the prime factors of h.
